ue
Is 619042 prime?
False
Is 90858607 composite?
True
Is 205204957 a composite number?
True
Is 55067629 prime?
False
Is 12848509 a composite number?
True
Is 1683811 a prime number?
False
Is 22388701 a composite number?
True
Is 822601541 prime?
False
Is 265580257 composite?
True
Is 4999567 a prime number?
False
Is 3477572177 a composite number?
False
Is 50345129 a composite number?
False
Is 7783891 composite?
True
Is 4880573 a prime number?
True
Is 1769237 prime?
False
Is 1374953 composite?
False
Is 9449669 composite?
True
Is 16731353 a composite number?
False
Is 7804721 composite?
False
Is 4254881 a prime number?
False
Is 55814293 prime?
True
Is 7011347 a prime number?
False
Is 337811 a composite number?
True
Is 1265133 prime?
False
Is 809172559 a prime number?
False
Is 5100989 a composite number?
False
Is 1868921 a prime number?
False
Is 32065429 prime?
False
Is 3811099 a prime number?
True
Is 325215719 prime?
True
Is 6606337 prime?
False
Is 54193393 composite?
True
Is 363541 composite?
False
Is 103792013 a prime number?
False
Is 26088074 a composite number?
True
Is 2199299 prime?
True
Is 424455013 composite?
False
Is 22401679 prime?
True
Is 8118053 prime?
False
Is 251021183 prime?
False
Is 64417361 a prime number?
True
Is 554625283 a prime number?
True
Is 858341 composite?
True
Is 23843849 prime?
False
Is 142219151 prime?
True
Is 4125259 composite?
False
Is 2940451 prime?
False
Is 70558679 prime?
True
Is 1478531 composite?
True
Is 98729 prime?
True
Is 187214837 composite?
False
Is 52316639 composite?
True
Is 10305049 a composite number?
True
Is 1700603 a prime number?
True
Is 423391 prime?
False
Is 1363081 composite?
False
Is 285007 a prime number?
True
Is 130558807 prime?
True
Is 127072183 a composite number?
True
Is 76228429 composite?
False
Is 20901817 composite?
False
Is 44326351 prime?
True
Is 663149 composite?
False
Is 37134527 prime?
False
Is 43928047 prime?
True
Is 32624549 a composite number?
False
Is 24310777 a prime number?
False
Is 27424391 a prime number?
False
Is 1638641 a composite number?
False
Is 1432069 composite?
True
Is 63903163 a prime number?
True
Is 4018181 prime?
True
Is 348778609 a prime number?
False
Is 119293789 a prime number?
True
Is 7338757 a prime number?
True
Is 4506191 a prime number?
False
Is 10529219 composite?
False
Is 205717745 a prime number?
False
Is 13698143 a prime number?
True
Is 3603821 composite?
True
Is 505241981 composite?
False
Is 1830602 prime?
False
Is 30661391 a prime number?
False
Is 10352653 prime?
True
Is 249435521 a prime number?
True
Is 95971079 composite?
False
Is 29513053 a composite number?
False
Is 5508013 a prime number?
False
Is 2218277 composite?
False
Is 8377477 prime?
True
Is 4852909 prime?
True
Is 7609993 a composite number?
True
Is 2762647 a prime number?
True
Is 70019931 a composite number?
True
Is 76753 a prime number?
True
Is 14854837 composite?
False
Is 6300973 a composite number?
True
Is 290152043 composite?
False
Is 180811 a prime number?
True
Is 48842149 prime?
True
Is 12786119 a composite number?
False
Is 202707151 a composite number?
False
Is 23797661 prime?
False
Is 110357623 a composite number?
False
Is 6555839 a prime number?
True
Is 710077 prime?
False
Is 87477151 a composite number?
True
Is 2833471 composite?
False
Is 555047239 a prime number?
False
Is 2417578 a prime number?
False
Is 14445005 composite?
True
Is 271753 a prime number?
True
Is 1898399 a prime number?
False
Is 47720707 a composite number?
False
Is 177074383 prime?
False
Is 134438951 prime?
True
Is 28267477 composite?
True
Is 8087647 a prime number?
True
Is 187705129 a composite number?
False
Is 18848471 a prime number?
True
Is 9269329 a composite number?
True
Is 3386239 prime?
False
Is 12719459 composite?
False
Is 172475899 composite?
False
Is 235520543 a prime number?
True
Is 4405007 composite?
True
Is 51546917 prime?
True
Is 396763393 composite?
True
Is 10892569 composite?
False
Is 5932153 a prime number?
False
Is 7311835 a prime number?
False
Is 10514579 a prime number?
True
Is 51647242 prime?
False
Is 12816677 a prime number?
True
Is 120357877 prime?
False
Is 643033 composite?
True
Is 65323 composite?
False
Is 40362991 a prime number?
True
Is 43103122 composite?
True
Is 5663651 a composite number?
True
Is 4337597 prime?
False
Is 6715399 a prime number?
False
Is 3142679 prime?
False
Is 8422481 a composite number?
False
Is 153567727 a prime number?
True
Is 256693253 a prime number?
True
Is 36150243 a composite number?
True
Is 12126574 a prime number?
False
Is 79874545 a composite number?
True
Is 28569859 composite?
True
Is 35840983 a prime number?
True
Is 439266517 a prime number?
True
Is 160379563 a composite number?
True
Is 512321 a prime number?
True
Is 110609669 composite?
False
Is 29137243 prime?
False
Is 4741493 composite?
True
Is 711453263 composite?
False
Is 24821047 prime?
True
Is 537535 a composite number?
True
Is 160020247 prime?
False
Is 1918579 prime?
False
Is 5646829 a prime number?
False
Is 53514871 a composite number?
True
Is 58599813 a composite number?
True
Is 3235429 a prime number?
False
Is 72346317 prime?
False
Is 141360769 composite?
True
Is 4145171 prime?
True
Is 21474031 prime?
True
Is 14284513 composite?
True
Is 75636611 a prime number?
False
Is 14318711 a composite number?
True
Is 33246427 composite?
True
Is 3390659 a prime number?
False
Is 4633007 a prime number?
False
Is 133407403 a composite number?
False
Is 1578457241 a composite number?
False
Is 459749 a prime number?
True
Is 22058599 prime?
False
Is 467315 composite?
True
Is 2532067 a composite number?
False
Is 2268685 a composite number?
True
Is 218332441 prime?
True
Is 15216163 composite?
False
Is 519797 a prime number?
True
Is 19615829 prime?
True
Is 74423173 a composite number?
True
Is 1150343 composite?
True
Is 583513453 prime?
True
Is 833599 prime?
False
Is 229912421 prime?
True
Is 194574989 a composite number?
True
Is 351007 a prime number?
False
Is 17748707 composite?
False
Is 9841459 a prime number?
False
Is 302541 prime?
False
Is 7796059 composite?
False
Is 184264259 composite?
True
Is 4797233 prime?
False
Is 15581579 a composite number?
True
Is 10511245 a prime number?
False
Is 342697119 composite?
True
Is 2916011 a prime number?
False
Is 16661401 composite?
False
Is 84988835 prime?
False
Is 21021001 a prime number?
True
Is 50569971 a prime number?
False
Is 133915 prime?
False
Is 17609285 a composite number?
True
Is 142748693 a composite number?
False
Is 434141 a composite number?
False
Is 914429 a prime number?
True
Is 3302735 composite?
True
Is 1095067 composite?
False
Is 560669 prime?
True
Is 18939421 a prime number?
True
Is 1685291 prime?
False
Is 76847998 a composite number?
True
Is 382643 composite?
False
Is 3894263 a prime number?
False
Is 73991291 prime?
False
Is 5050327 prime?
True
Is 21278695 prime?
False
Is 401045783 composite?
True
Is 34500137 a composite number?
True
Is 6628651 composite?
False
Is 12868161 a composite number?
True
Is 329059 prime?
True
Is 209387 prime?
False
Is 17291 a prime number?
True
Is 8351009 a prime number?
True
Is 15622909 composite?
True
Is 5374445 composite?
True
Is 628259 a prime number?
False
Is 65210161 composite?
True
Is 1046699 a composite number?
True
Is 336235553 a composite number?
False
Is 3761591 composite?
False
Is 2350057 prime?
True
Is 1484733265 prime?
False
Is 134484965 a prime number?
False
Is 4124389 composite?
True
Is 11817289 prime?
False
Is 17231491 a prime number?
True
Is 294713961 a prime number?
False
Is 91641091 a prime number?
False
Is 758866 composite?
True
Is 2095439 prime?
True
Is 1791599 composite?
False
Is 22513939 a composite number?
True
Is 980234 a prime number?
False
Is 999809 prime?
True
Is 71230909 a prime number?
True
Is 148761178 a composite number?
True
Is 4404731 prime?
True
Is 8624947 prime?
False
Is 20932267 composite?
True
Is 4296613 a composite number?
False
Is 151197301 prime?
True
Is 12378603 prime?
False
Is 101145749 a composite number?
False
Is 100096093 prime?
True
Is 47275379 composite?
True
Is 27598313 prime?
False
Is 808111 a composite number?
False
Is 161646593 a prime number?
True
Is 4522706 a prime number?
False
Is 444259 prime?
False
Is 893717122 prime?
False
Is 231827309 composite?
True
Is 111282767 a co